{"id":921,"date":"2021-05-14T11:02:00","date_gmt":"2021-05-14T11:02:00","guid":{"rendered":"https:\/\/hotela1express.com\/?page_id=921"},"modified":"2021-05-15T23:46:37","modified_gmt":"2021-05-15T23:46:37","slug":"vision","status":"publish","type":"page","link":"https:\/\/hotela1express.com\/index.php\/vision\/","title":{"rendered":"VISION"},"content":{"rendered":"\t\t<div data-elementor-type=\"wp-page\" data-elementor-id=\"921\" class=\"elementor elementor-921\">\n\t\t\t\t\t\t<section class=\"elementor-section elementor-top-section elementor-element elementor-element-24e834b elementor-section-boxed elementor-section-height-default elementor-section-height-default\" data-id=\"24e834b\" data-element_type=\"section\">\n\t\t\t\t\t\t<div class=\"elementor-container elementor-column-gap-default\">\n\t\t\t\t\t<div class=\"elementor-column elementor-col-100 elementor-top-column elementor-element elementor-element-2c079d1\" data-id=\"2c079d1\" data-element_type=\"column\">\n\t\t\t<div class=\"elementor-widget-wrap elementor-element-populated\">\n\t\t\t\t\t\t<div class=\"elementor-element elementor-element-31f0b07 elementor-widget elementor-widget-text-editor\" data-id=\"31f0b07\" data-element_type=\"widget\" data-widget_type=\"text-editor.default\">\n\t\t\t\t<div class=\"elementor-widget-container\">\n\t\t\t\t\t\t\t<p>En el 2023 el Hotel A1 Express ser\u00e1 reconocida como la mejor opci\u00f3n en hoteler\u00eda del departamento basada en la calidad en nuestros servicios, calidez en la atenci\u00f3n y tarifas ofertadas, brindando un excelente servicio hotelero, ofrecido como profesionalismo, amabilidad y actitud de servicio para la satisfacci\u00f3n de nuestros hu\u00e9spedes estableciendo fuertes lazos de lealtad que nos privilegian con su preferencia.<\/p>\t\t\t\t\t\t<\/div>\n\t\t\t\t<\/div>\n\t\t\t\t\t<\/div>\n\t\t<\/div>\n\t\t\t\t\t<\/div>\n\t\t<\/section>\n\t\t\t\t<\/div>\n\t\t","protected":false},"excerpt":{"rendered":"<p>En el 2023 el Hotel A1 Express ser\u00e1 reconocida como la mejor opci\u00f3n en hoteler\u00eda del departamento basada en la calidad en nuestros servicios, calidez en la atenci\u00f3n y tarifas ofertadas, brindando un excelente servicio hotelero, ofrecido como profesionalismo, amabilidad&hellip;<\/p>\n","protected":false},"author":1,"featured_media":981,"parent":0,"menu_order":0,"comment_status":"closed","ping_status":"closed","template":"","meta":{"om_disable_all_campaigns":false,"_monsterinsights_skip_tracking":false,"_monsterinsights_sitenote_active":false,"_monsterinsights_sitenote_note":"","_monsterinsights_sitenote_category":0},"_links":{"self":[{"href":"https:\/\/hotela1express.com\/index.php\/wp-json\/wp\/v2\/pages\/921"}],"collection":[{"href":"https:\/\/hotela1express.com\/index.php\/wp-json\/wp\/v2\/pages"}],"about":[{"href":"https:\/\/hotela1express.com\/index.php\/wp-json\/wp\/v2\/types\/page"}],"author":[{"embeddable":true,"href":"https:\/\/hotela1express.com\/index.php\/wp-json\/wp\/v2\/users\/1"}],"replies":[{"embeddable":true,"href":"https:\/\/hotela1express.com\/index.php\/wp-json\/wp\/v2\/comments?post=921"}],"version-history":[{"count":4,"href":"https:\/\/hotela1express.com\/index.php\/wp-json\/wp\/v2\/pages\/921\/revisions"}],"predecessor-version":[{"id":984,"href":"https:\/\/hotela1express.com\/index.php\/wp-json\/wp\/v2\/pages\/921\/revisions\/984"}],"wp:featuredmedia":[{"embeddable":true,"href":"https:\/\/hotela1express.com\/index.php\/wp-json\/wp\/v2\/media\/981"}],"wp:attachment":[{"href":"https:\/\/hotela1express.com\/index.php\/wp-json\/wp\/v2\/media?parent=921"}],"curies":[{"name":"wp","href":"https:\/\/api.w.org\/{rel}","templated":true}]}}